{"id":676,"date":"2021-08-11T15:24:28","date_gmt":"2021-08-11T13:24:28","guid":{"rendered":"https:\/\/www.sampor.net\/?page_id=676"},"modified":"2021-08-27T11:22:49","modified_gmt":"2021-08-27T09:22:49","slug":"samporsky-ladopad","status":"publish","type":"page","link":"https:\/\/www.sampor.net\/index.php\/fotky\/samporsky-ladopad\/","title":{"rendered":"Samporsk\u00fd \u013eadop\u00e1d"},"content":{"rendered":"\n<p>Samporsk\u00fd \u013eadop\u00e1d za <a href=\"https:\/\/www.google.com\/maps\/place\/Vodop%C3%A1d+v+Jarku+(v+zime+%C4%BDadop%C3%A1d)\/@48.6341389,19.1953197,450m\/data=!3m1!1e3!4m8!1m2!2m1!1ssamporsk%C3%BD!3m4!1s0x471539668057c519:0xc731820e5ac49d39!8m2!3d48.634065!4d19.196718\" data-type=\"URL\" data-id=\"https:\/\/www.google.com\/maps\/place\/Vodop%C3%A1d+v+Jarku+(v+zime+%C4%BDadop%C3%A1d)\/@48.6341389,19.1953197,450m\/data=!3m1!1e3!4m8!1m2!2m1!1ssamporsk%C3%BD!3m4!1s0x471539668057c519:0xc731820e5ac49d39!8m2!3d48.634065!4d19.196718\" target=\"_blank\" rel=\"noreferrer noopener\">dedinou<\/a><\/p>\n\n\n\n<figure class=\"wp-block-gallery columns-4 is-cropped wp-block-gallery-1 is-layout-flex wp-block-gallery-is-layout-flex\"><ul class=\"blocks-gallery-grid\"><li class=\"blocks-gallery-item\"><figure><a href=\"https:\/\/www.sampor.net\/wp-content\/uploads\/2021\/08\/DSCF2996-768x1024.jpg\" data-rel=\"lightbox-image-0\" data-rl_title=\"\" data-rl_caption=\"\" title=\"\"><img loading=\"lazy\" decoding=\"async\" width=\"768\" height=\"1024\" src=\"https:\/\/www.sampor.net\/wp-content\/uploads\/2021\/08\/DSCF2996-768x1024.jpg\" alt=\"\" data-id=\"674\" data-link=\"https:\/\/www.sampor.net\/dscf2996\/\" class=\"wp-image-674\" srcset=\"https:\/\/www.sampor.net\/wp-content\/uploads\/2021\/08\/DSCF2996-768x1024.jpg 768w, https:\/\/www.sampor.net\/wp-content\/uploads\/2021\/08\/DSCF2996-225x300.jpg 225w, https:\/\/www.sampor.net\/wp-content\/uploads\/2021\/08\/DSCF2996-1152x1536.jpg 1152w, https:\/\/www.sampor.net\/wp-content\/uploads\/2021\/08\/DSCF2996-1536x2048.jpg 1536w, https:\/\/www.sampor.net\/wp-content\/uploads\/2021\/08\/DSCF2996-scaled.jpg 1920w\" sizes=\"auto, (max-width: 768px) 100vw, 768px\" \/><\/a><\/figure><\/li><li class=\"blocks-gallery-item\"><figure><a href=\"https:\/\/www.sampor.net\/wp-content\/uploads\/2021\/08\/DSCF2987-768x1024.jpg\" data-rel=\"lightbox-image-1\" data-rl_title=\"\" data-rl_caption=\"\" title=\"\"><img loading=\"lazy\" decoding=\"async\" width=\"768\" height=\"1024\" src=\"https:\/\/www.sampor.net\/wp-content\/uploads\/2021\/08\/DSCF2987-768x1024.jpg\" alt=\"\" data-id=\"673\" data-link=\"https:\/\/www.sampor.net\/dscf2987\/\" class=\"wp-image-673\" srcset=\"https:\/\/www.sampor.net\/wp-content\/uploads\/2021\/08\/DSCF2987-768x1024.jpg 768w, https:\/\/www.sampor.net\/wp-content\/uploads\/2021\/08\/DSCF2987-225x300.jpg 225w, https:\/\/www.sampor.net\/wp-content\/uploads\/2021\/08\/DSCF2987-1152x1536.jpg 1152w, https:\/\/www.sampor.net\/wp-content\/uploads\/2021\/08\/DSCF2987-1536x2048.jpg 1536w, https:\/\/www.sampor.net\/wp-content\/uploads\/2021\/08\/DSCF2987-scaled.jpg 1920w\" sizes=\"auto, (max-width: 768px) 100vw, 768px\" \/><\/a><\/figure><\/li><li class=\"blocks-gallery-item\"><figure><a href=\"https:\/\/www.sampor.net\/wp-content\/uploads\/2021\/08\/DSCF2984-1024x768.jpg\" data-rel=\"lightbox-image-2\" data-rl_title=\"\" data-rl_caption=\"\" title=\"\"><img loading=\"lazy\" decoding=\"async\" width=\"1024\" height=\"768\" src=\"https:\/\/www.sampor.net\/wp-content\/uploads\/2021\/08\/DSCF2984-1024x768.jpg\" alt=\"\" data-id=\"671\" data-link=\"https:\/\/www.sampor.net\/dscf2984\/\" class=\"wp-image-671\" srcset=\"https:\/\/www.sampor.net\/wp-content\/uploads\/2021\/08\/DSCF2984-1024x768.jpg 1024w, https:\/\/www.sampor.net\/wp-content\/uploads\/2021\/08\/DSCF2984-300x225.jpg 300w, https:\/\/www.sampor.net\/wp-content\/uploads\/2021\/08\/DSCF2984-768x576.jpg 768w, https:\/\/www.sampor.net\/wp-content\/uploads\/2021\/08\/DSCF2984-1536x1152.jpg 1536w, https:\/\/www.sampor.net\/wp-content\/uploads\/2021\/08\/DSCF2984-2048x1536.jpg 2048w\" sizes=\"auto, (max-width: 1024px) 100vw, 1024px\" \/><\/a><\/figure><\/li><li class=\"blocks-gallery-item\"><figure><a href=\"https:\/\/www.sampor.net\/wp-content\/uploads\/2021\/08\/VODOPAD_SAMPOR-768x1024.jpg\" data-rel=\"lightbox-image-3\" data-rl_title=\"\" data-rl_caption=\"\" title=\"\"><img loading=\"lazy\" decoding=\"async\" width=\"768\" height=\"1024\" src=\"https:\/\/www.sampor.net\/wp-content\/uploads\/2021\/08\/VODOPAD_SAMPOR-768x1024.jpg\" alt=\"\" data-id=\"669\" data-link=\"https:\/\/www.sampor.net\/vodopad_sampor\/\" class=\"wp-image-669\" srcset=\"https:\/\/www.sampor.net\/wp-content\/uploads\/2021\/08\/VODOPAD_SAMPOR-768x1024.jpg 768w, https:\/\/www.sampor.net\/wp-content\/uploads\/2021\/08\/VODOPAD_SAMPOR-225x300.jpg 225w, https:\/\/www.sampor.net\/wp-content\/uploads\/2021\/08\/VODOPAD_SAMPOR-1152x1536.jpg 1152w, https:\/\/www.sampor.net\/wp-content\/uploads\/2021\/08\/VODOPAD_SAMPOR-1536x2048.jpg 1536w, https:\/\/www.sampor.net\/wp-content\/uploads\/2021\/08\/VODOPAD_SAMPOR-scaled.jpg 1920w\" sizes=\"auto, (max-width: 768px) 100vw, 768px\" \/><\/a><\/figure><\/li><li class=\"blocks-gallery-item\"><figure><a href=\"https:\/\/www.sampor.net\/wp-content\/uploads\/2021\/08\/DSCF3004-1024x768.jpg\" data-rel=\"lightbox-image-4\" data-rl_title=\"\" data-rl_caption=\"\" title=\"\"><img loading=\"lazy\" decoding=\"async\" width=\"1024\" height=\"768\" src=\"https:\/\/www.sampor.net\/wp-content\/uploads\/2021\/08\/DSCF3004-1024x768.jpg\" alt=\"\" data-id=\"675\" data-link=\"https:\/\/www.sampor.net\/dscf3004\/\" class=\"wp-image-675\" srcset=\"https:\/\/www.sampor.net\/wp-content\/uploads\/2021\/08\/DSCF3004-1024x768.jpg 1024w, https:\/\/www.sampor.net\/wp-content\/uploads\/2021\/08\/DSCF3004-300x225.jpg 300w, https:\/\/www.sampor.net\/wp-content\/uploads\/2021\/08\/DSCF3004-768x576.jpg 768w, https:\/\/www.sampor.net\/wp-content\/uploads\/2021\/08\/DSCF3004-1536x1152.jpg 1536w, https:\/\/www.sampor.net\/wp-content\/uploads\/2021\/08\/DSCF3004-2048x1536.jpg 2048w\" sizes=\"auto, (max-width: 1024px) 100vw, 1024px\" \/><\/a><\/figure><\/li><li class=\"blocks-gallery-item\"><figure><a href=\"https:\/\/www.sampor.net\/wp-content\/uploads\/2021\/08\/DSCF2986-1024x768.jpg\" data-rel=\"lightbox-image-5\" data-rl_title=\"\" data-rl_caption=\"\" title=\"\"><img loading=\"lazy\" decoding=\"async\" width=\"1024\" height=\"768\" src=\"https:\/\/www.sampor.net\/wp-content\/uploads\/2021\/08\/DSCF2986-1024x768.jpg\" alt=\"\" data-id=\"672\" data-link=\"https:\/\/www.sampor.net\/dscf2986\/\" class=\"wp-image-672\" srcset=\"https:\/\/www.sampor.net\/wp-content\/uploads\/2021\/08\/DSCF2986-1024x768.jpg 1024w, https:\/\/www.sampor.net\/wp-content\/uploads\/2021\/08\/DSCF2986-300x225.jpg 300w, https:\/\/www.sampor.net\/wp-content\/uploads\/2021\/08\/DSCF2986-768x576.jpg 768w, https:\/\/www.sampor.net\/wp-content\/uploads\/2021\/08\/DSCF2986-1536x1152.jpg 1536w, https:\/\/www.sampor.net\/wp-content\/uploads\/2021\/08\/DSCF2986-2048x1536.jpg 2048w\" sizes=\"auto, (max-width: 1024px) 100vw, 1024px\" \/><\/a><\/figure><\/li><li class=\"blocks-gallery-item\"><figure><a href=\"https:\/\/www.sampor.net\/wp-content\/uploads\/2021\/08\/DSCF2982-1024x768.jpg\" data-rel=\"lightbox-image-6\" data-rl_title=\"\" data-rl_caption=\"\" title=\"\"><img loading=\"lazy\" decoding=\"async\" width=\"1024\" height=\"768\" src=\"https:\/\/www.sampor.net\/wp-content\/uploads\/2021\/08\/DSCF2982-1024x768.jpg\" alt=\"\" data-id=\"670\" data-link=\"https:\/\/www.sampor.net\/dscf2982\/\" class=\"wp-image-670\" srcset=\"https:\/\/www.sampor.net\/wp-content\/uploads\/2021\/08\/DSCF2982-1024x768.jpg 1024w, https:\/\/www.sampor.net\/wp-content\/uploads\/2021\/08\/DSCF2982-300x225.jpg 300w, https:\/\/www.sampor.net\/wp-content\/uploads\/2021\/08\/DSCF2982-768x576.jpg 768w, https:\/\/www.sampor.net\/wp-content\/uploads\/2021\/08\/DSCF2982-1536x1152.jpg 1536w, https:\/\/www.sampor.net\/wp-content\/uploads\/2021\/08\/DSCF2982-2048x1536.jpg 2048w\" sizes=\"auto, (max-width: 1024px) 100vw, 1024px\" \/><\/a><\/figure><\/li><li class=\"blocks-gallery-item\"><figure><a href=\"https:\/\/www.sampor.net\/wp-content\/uploads\/2021\/08\/IMG_0405-765x1024.jpg\" data-rel=\"lightbox-image-7\" data-rl_title=\"\" data-rl_caption=\"\" title=\"\"><img loading=\"lazy\" decoding=\"async\" width=\"765\" height=\"1024\" src=\"https:\/\/www.sampor.net\/wp-content\/uploads\/2021\/08\/IMG_0405-765x1024.jpg\" alt=\"\" data-id=\"685\" data-link=\"https:\/\/www.sampor.net\/index.php\/fotky\/samporsky-ladopad\/img_0405\/\" class=\"wp-image-685\" srcset=\"https:\/\/www.sampor.net\/wp-content\/uploads\/2021\/08\/IMG_0405-765x1024.jpg 765w, https:\/\/www.sampor.net\/wp-content\/uploads\/2021\/08\/IMG_0405-224x300.jpg 224w, https:\/\/www.sampor.net\/wp-content\/uploads\/2021\/08\/IMG_0405-768x1028.jpg 768w, https:\/\/www.sampor.net\/wp-content\/uploads\/2021\/08\/IMG_0405-1147x1536.jpg 1147w, https:\/\/www.sampor.net\/wp-content\/uploads\/2021\/08\/IMG_0405-1530x2048.jpg 1530w, https:\/\/www.sampor.net\/wp-content\/uploads\/2021\/08\/IMG_0405-scaled.jpg 1912w\" sizes=\"auto, (max-width: 765px) 100vw, 765px\" \/><\/a><\/figure><\/li><li class=\"blocks-gallery-item\"><figure><a href=\"https:\/\/www.sampor.net\/wp-content\/uploads\/2021\/08\/IMG_0406-1-1024x765.jpg\" data-rel=\"lightbox-image-8\" data-rl_title=\"\" data-rl_caption=\"\" title=\"\"><img loading=\"lazy\" decoding=\"async\" width=\"1024\" height=\"765\" src=\"https:\/\/www.sampor.net\/wp-content\/uploads\/2021\/08\/IMG_0406-1-1024x765.jpg\" alt=\"\" data-id=\"686\" data-link=\"https:\/\/www.sampor.net\/index.php\/fotky\/samporsky-ladopad\/img_0406-1\/\" class=\"wp-image-686\" srcset=\"https:\/\/www.sampor.net\/wp-content\/uploads\/2021\/08\/IMG_0406-1-1024x765.jpg 1024w, https:\/\/www.sampor.net\/wp-content\/uploads\/2021\/08\/IMG_0406-1-300x224.jpg 300w, https:\/\/www.sampor.net\/wp-content\/uploads\/2021\/08\/IMG_0406-1-768x574.jpg 768w, https:\/\/www.sampor.net\/wp-content\/uploads\/2021\/08\/IMG_0406-1-1536x1147.jpg 1536w, https:\/\/www.sampor.net\/wp-content\/uploads\/2021\/08\/IMG_0406-1-2048x1530.jpg 2048w\" sizes=\"auto, (max-width: 1024px) 100vw, 1024px\" \/><\/a><\/figure><\/li><li class=\"blocks-gallery-item\"><figure><a href=\"https:\/\/www.sampor.net\/wp-content\/uploads\/2021\/08\/IMG_0399-765x1024.jpg\" data-rel=\"lightbox-image-9\" data-rl_title=\"\" data-rl_caption=\"\" title=\"\"><img loading=\"lazy\" decoding=\"async\" width=\"765\" height=\"1024\" src=\"https:\/\/www.sampor.net\/wp-content\/uploads\/2021\/08\/IMG_0399-765x1024.jpg\" alt=\"\" data-id=\"687\" data-link=\"https:\/\/www.sampor.net\/index.php\/fotky\/samporsky-ladopad\/img_0399\/\" class=\"wp-image-687\" srcset=\"https:\/\/www.sampor.net\/wp-content\/uploads\/2021\/08\/IMG_0399-765x1024.jpg 765w, https:\/\/www.sampor.net\/wp-content\/uploads\/2021\/08\/IMG_0399-224x300.jpg 224w, https:\/\/www.sampor.net\/wp-content\/uploads\/2021\/08\/IMG_0399-768x1028.jpg 768w, https:\/\/www.sampor.net\/wp-content\/uploads\/2021\/08\/IMG_0399-1147x1536.jpg 1147w, https:\/\/www.sampor.net\/wp-content\/uploads\/2021\/08\/IMG_0399-1530x2048.jpg 1530w, https:\/\/www.sampor.net\/wp-content\/uploads\/2021\/08\/IMG_0399-scaled.jpg 1912w\" sizes=\"auto, (max-width: 765px) 100vw, 765px\" \/><\/a><\/figure><\/li><li class=\"blocks-gallery-item\"><figure><a href=\"https:\/\/www.sampor.net\/wp-content\/uploads\/2021\/08\/IMG_0401-scaled.jpg\" data-rel=\"lightbox-image-10\" data-rl_title=\"\" data-rl_caption=\"\" title=\"\"><img loading=\"lazy\" decoding=\"async\" width=\"765\" height=\"1024\" src=\"https:\/\/www.sampor.net\/wp-content\/uploads\/2021\/08\/IMG_0401-765x1024.jpg\" alt=\"\" data-id=\"688\" data-full-url=\"https:\/\/www.sampor.net\/wp-content\/uploads\/2021\/08\/IMG_0401-scaled.jpg\" data-link=\"https:\/\/www.sampor.net\/index.php\/fotky\/samporsky-ladopad\/img_0401\/\" class=\"wp-image-688\" srcset=\"https:\/\/www.sampor.net\/wp-content\/uploads\/2021\/08\/IMG_0401-765x1024.jpg 765w, https:\/\/www.sampor.net\/wp-content\/uploads\/2021\/08\/IMG_0401-224x300.jpg 224w, https:\/\/www.sampor.net\/wp-content\/uploads\/2021\/08\/IMG_0401-768x1028.jpg 768w, https:\/\/www.sampor.net\/wp-content\/uploads\/2021\/08\/IMG_0401-1147x1536.jpg 1147w, https:\/\/www.sampor.net\/wp-content\/uploads\/2021\/08\/IMG_0401-1530x2048.jpg 1530w, https:\/\/www.sampor.net\/wp-content\/uploads\/2021\/08\/IMG_0401-scaled.jpg 1912w\" sizes=\"auto, (max-width: 765px) 100vw, 765px\" \/><\/a><\/figure><\/li><\/ul><\/figure>\n","protected":false},"excerpt":{"rendered":"<p>Samporsk\u00fd \u013eadop\u00e1d za dedinou<\/p>\n","protected":false},"author":2,"featured_media":0,"parent":109,"menu_order":0,"comment_status":"closed","ping_status":"closed","template":"template-full.php","meta":{"footnotes":""},"class_list":["post-676","page","type-page","status-publish","hentry"],"_links":{"self":[{"href":"https:\/\/www.sampor.net\/index.php\/wp-json\/wp\/v2\/pages\/676","targetHints":{"allow":["GET"]}}],"collection":[{"href":"https:\/\/www.sampor.net\/index.php\/wp-json\/wp\/v2\/pages"}],"about":[{"href":"https:\/\/www.sampor.net\/index.php\/wp-json\/wp\/v2\/types\/page"}],"author":[{"embeddable":true,"href":"https:\/\/www.sampor.net\/index.php\/wp-json\/wp\/v2\/users\/2"}],"replies":[{"embeddable":true,"href":"https:\/\/www.sampor.net\/index.php\/wp-json\/wp\/v2\/comments?post=676"}],"version-history":[{"count":8,"href":"https:\/\/www.sampor.net\/index.php\/wp-json\/wp\/v2\/pages\/676\/revisions"}],"predecessor-version":[{"id":851,"href":"https:\/\/www.sampor.net\/index.php\/wp-json\/wp\/v2\/pages\/676\/revisions\/851"}],"up":[{"embeddable":true,"href":"https:\/\/www.sampor.net\/index.php\/wp-json\/wp\/v2\/pages\/109"}],"wp:attachment":[{"href":"https:\/\/www.sampor.net\/index.php\/wp-json\/wp\/v2\/media?parent=676"}],"curies":[{"name":"wp","href":"https:\/\/api.w.org\/{rel}","templated":true}]}}