{"id":1422,"date":"2021-10-29T09:07:47","date_gmt":"2021-10-29T07:07:47","guid":{"rendered":"https:\/\/www.sampor.net\/?page_id=1422"},"modified":"2021-10-29T15:35:44","modified_gmt":"2021-10-29T13:35:44","slug":"vojna","status":"publish","type":"page","link":"https:\/\/www.sampor.net\/index.php\/vojna\/","title":{"rendered":"Vojna"},"content":{"rendered":"\n<p>Po 2. svetovej vojne v r. 1945 boli v cintor\u00edne vykopan\u00e9 dva masov\u00e9 hroby. Do jedn\u00e9ho boli ulo\u017een\u00e9 tel\u00e1 15 nemeck\u00fdch vojakov a do druh\u00e9ho 41 vojakov \u010dervenej arm\u00e1dy \u2013 Rusov. Miesto spolo\u010dn\u00fdch hrobov bolo umiestnen\u00e9 pri vchode do cintor\u00edna na pravej strane. V roku 1946 (protokol exhum\u00e1cie je s d\u00e1tumom 15.4.1946) boli exhumovan\u00e9 pozostatky rusk\u00fdch vojakov a prenesen\u00e9 na \u00dastredn\u00fd vojensky cintor\u00edn Kr\u00e1\u013eovskej rumunskej arm\u00e1dy a \u010cervenej arm\u00e1dy do Zvolena. V roku 1994 boli pozostatky nemeck\u00fdch vojakov rovnako exhumovan\u00e9, identifikovan\u00e9 a prenesen\u00e9 na cintor\u00edn do Nemeck\u00e9ho vojensk\u00e9ho cintor\u00edna vo Va\u017eci, blok 7, rad 27, \u010d\u00edsla hrobov 848-862. K\u00f3pia protokolu o exhum\u00e1cii bola v roku 1994 odovzdan\u00e1 starostovi obce. Presn\u00e1 identifik\u00e1cia osoby bola zisten\u00e1 u 5 vojakov.                                                                                                           V okol\u00ed Sampora bojovali jednotky 229. JR (J\u00e4ger regiment) 101. JD (J\u00e4ger division) a 88.IR (Infantry regiment) z 15.ID (Infantry div\u00edzie). <\/p>\n\n\n\n<p><\/p>\n\n\n\n<p>V samporskom cintor\u00edne je pochovan\u00e1 jedin\u00e1 obe\u0165 vojny Anna F. (na hrobovej n\u00e1pisnej doske je tvar mena \u201eAni\u010dka\u201c) Zomrela zasiahnut\u00e1 letiacim \u00falomkom do slabiny a brucha 9. m\u00e1ja 1945, v nedo\u017eit\u00fdch 18. rokoch. Ani\u010dka bola u\u017e zasn\u00faben\u00e1, \u010dakala na sob\u00e1\u0161. Koniec druhej svetovej vojny v Eur\u00f3pe nastal 8. m\u00e1ja 1945 kapitul\u00e1ciou Nemecka. Anna F. je pochovan\u00e1 v jednom hrobe spolu so s\u00farodencami a rodi\u010dmi.<\/p>\n\n\n\n<p><span class=\"has-inline-color has-black-color\">Sampor\u010dania po vojne za\u010dali h\u00fa\u017eevnato opravova\u0165 svoje zni\u010den\u00e9 domy (3 domy vyhoreli) a hospod\u00e1rstva.<span class=\"has-inline-color has-black-color\"><\/span><sup><span class=\"has-inline-color has-black-color\"><\/span><a rel=\"noreferrer noopener\" href=\"https:\/\/www.sampor.net\/index.php\/vojaci-a-snp\/#sdfootnote2sym\" target=\"_blank\">1<\/a><\/sup><\/span> Po vojne sa z nemeck\u00fdch koncentra\u010dn\u00fdch t\u00e1borov vr\u00e1tili Sampor\u010dania ako napr. Ondrej Kore\u0148, J\u00e1n \u017du\u017ea, O. \u010eur\u010d\u00edk \u010di Ondrej Miku\u0161.<span class=\"has-inline-color has-black-color\"><\/span><a href=\"#sdfootnote2anc\"><sup>2<\/sup><\/a><\/p>\n\n\n\n<p class=\"has-small-font-size\">Zdroje:<\/p>\n\n\n\n<p class=\"has-small-font-size\"><a href=\"#sdfootnote2anc\">1<\/a><sup> <\/sup>Zdroj: http:\/\/www.sliacdnes.sk\/?p=159. Zdroj: <a rel=\"noreferrer noopener\" href=\"http:\/\/www.mod.gov.sk\/data\/disk\/casopis\/Obrana_03_2015.pdf\" target=\"_blank\">http:\/\/www.mod.gov.sk\/data\/disk\/casopis\/Obrana_03_2015.pdf<\/a> Zdroj: Slia\u010d: mal\u00fd vlastivedno-turistick\u00fd sprievodca, Jozef Sliacky, 2014. ISBN 978-80-971686-4-3. s. 12.<\/p>\n\n\n\n<p class=\"has-small-font-size\"><a href=\"#sdfootnote1anc\"><sup>2<\/sup><\/a> \u0160A SR BB prac. ZV. Fond: MNV Sampor &#8211; List ob\u010danom k 15. v\u00fdro\u010diu oslobodenia obce Sampor (1960)<\/p>\n","protected":false},"excerpt":{"rendered":"<p>Po 2. svetovej vojne v r. 1945 boli v cintor\u00edne vykopan\u00e9 dva masov\u00e9 hroby. Do jedn\u00e9ho boli ulo\u017een\u00e9 tel\u00e1 15 nemeck\u00fdch vojakov a do druh\u00e9ho 41 vojakov \u010dervenej arm\u00e1dy \u2013 Rusov. Miesto spolo\u010dn\u00fdch hrobov bolo umiestnen\u00e9 pri vchode &hellip; <\/p>\n<div class=\"more-link-wrapper\"><a href=\"https:\/\/www.sampor.net\/index.php\/vojna\/\" class=\"more-link\">Continue reading<span class=\"screen-reader-text\"> &#8222;Vojna&#8220;<\/span><\/a><\/div>\n","protected":false},"author":2,"featured_media":0,"parent":0,"menu_order":0,"comment_status":"closed","ping_status":"closed","template":"template-full.php","meta":{"footnotes":""},"class_list":["post-1422","page","type-page","status-publish","hentry"],"_links":{"self":[{"href":"https:\/\/www.sampor.net\/index.php\/wp-json\/wp\/v2\/pages\/1422","targetHints":{"allow":["GET"]}}],"collection":[{"href":"https:\/\/www.sampor.net\/index.php\/wp-json\/wp\/v2\/pages"}],"about":[{"href":"https:\/\/www.sampor.net\/index.php\/wp-json\/wp\/v2\/types\/page"}],"author":[{"embeddable":true,"href":"https:\/\/www.sampor.net\/index.php\/wp-json\/wp\/v2\/users\/2"}],"replies":[{"embeddable":true,"href":"https:\/\/www.sampor.net\/index.php\/wp-json\/wp\/v2\/comments?post=1422"}],"version-history":[{"count":4,"href":"https:\/\/www.sampor.net\/index.php\/wp-json\/wp\/v2\/pages\/1422\/revisions"}],"predecessor-version":[{"id":1482,"href":"https:\/\/www.sampor.net\/index.php\/wp-json\/wp\/v2\/pages\/1422\/revisions\/1482"}],"wp:attachment":[{"href":"https:\/\/www.sampor.net\/index.php\/wp-json\/wp\/v2\/media?parent=1422"}],"curies":[{"name":"wp","href":"https:\/\/api.w.org\/{rel}","templated":true}]}}